d by j?
20
Suppose 4*x - 221 = -31*x - 46. What is the remainder when 949 is divided by x?
4
Let q = -4805 - -4835. What is the remainder when q is divided by 3?
0
Suppose -4*f - 4*b + 828 = 0, 57 = 3*f - b - 528. Calculate the remainder when f is divided by 1.
0
Let z(m) = m**2 - 7*m - 9. Let n be z(8). Let d(f) = 34*f**2 - 2*f. Calculate the remainder when 249 is divided by d(n).
33
Let a = -24343 - -24366. What is the remainder when 5837 is divided by a?
18
What is the remainder when 6/14 + (-21459)/(-7) is divided by 26?
24
Suppose 6*x - 5*x = -6791 + 11025. What is the remainder when x is divided by 157?
152
Suppose -28176 = -1681*x + 1657*x. What is the remainder when x is divided by 24?
22
Calculate the remainder when 477 is divided by ((44/(-66))/(24/423))/(2/(-16)).
7
Suppose 0 = 7*l - l + 79 - 235. What is the remainder when 146 is divided by l?
16
Calculate the remainder when ((-5160)/1892)/(1/(-22)) is divided by 5.
0
Let a = -32003 - -32126. What is the remainder when a is divided by 76?
47
Let l(c) = c - 6. Let q be l(9). Suppose 0*s = -q*s - 4*h + 207, 4*s - 298 = 2*h. Suppose -s = -9*u + 8. Calculate the remainder when 33 is divided by u.
6
Calculate the remainder when 4413 is divided by 78/19 - 4 - (-26190)/285.
89
Let k(f) = 3*f - 6. Suppose -12*j + 228 = 7*j. Calculate the remainder when 0 + (j/(-18) - 402/(-9)) is divided by k(6).
8
Calculate the remainder when 2375 is divided by 15/(-480)*12 - (-331)/8.
38
Let b(l) = l**3 + 9*l**2 - 3*l - 59. Let z be b(-8). Let o = 133 - z. What is the remainder when o is divided by 9?
5
Suppose -h - j = 4, h + 5*j + 0*j = -20. Let m(s) = -10*s + 336. What is the remainder when m(h) is divided by 69?
60
Let r = -8 + 13. Let w(k) = -k**3 - 26*k**2 + 511*k - 36. Calculate the remainder when w(13) is divided by r.
1
Suppose 5*l = -5, -x = -11*l + 10*l - 25. Suppose -6 + x = 6*c. Suppose r - 6*z = -5*z + 5, c*z = 5*r - 35. What is the remainder when 14 is divided by r?
4
Let j(a) = 9*a - 16. Suppose -3*o = i + 13, -5*i - 25 = 5*o - 0*i. What is the remainder when (o + 0 + 61)*1 is divided by j(4)?
17
Suppose 17*x + 14 = 18*x. Suppose -x*q = q - 315. Suppose -6 - 10 = -2*o. What is the remainder when q is divided by o?
5
Let z(m) = -m**2 + m + 53. Suppose -3*b - 20 = 4*u, 6*b - b = 5*u + 25. Let c(l) = 15*l**3 - 2*l + 1. What is the remainder when z(b) is divided by c(1)?
11
Calculate the remainder when 1225 is divided by -1*(-14 + 18 + -25).
7
Calculate the remainder when (15/2)/(1*2/4) is divided by (4 - ((-30)/(-9) - -1))*-9.
0
Let g = -5726 + 5752. What is the remainder when 484 is divided by g?
16
Let v be 50/275 - (219600/(-11))/2. Suppose -4*k + v = 3*k. What is the remainder when 90/24 + -4 - k/(-8) is divided by 30?
28
Suppose 5*o = -3*w + 874, 2*w + 0*w + 532 = 3*o. Suppose 6*b + 4*v - o = b, 0 = 5*b - 3*v - 148. Calculate the remainder when 158 is divided by b.
30
Suppose 20248 = 179*d - 9466. What is the remainder when 9958 is divided by d?
164
What is the remainder when 1374 is divided by 101/((-5656)/(-9296)) - (2 + 0)?
62
Let z be (8/(-6))/(14/(-21)). Let q(a) = 0*a**2 + a**3 + 11*a - 10*a**z - 5*a**3 + 3*a**3 + 13. Calculate the remainder when 37 is divided by q(-11).
11
Let k = -62045 + 62064. Let y = 131 - 76. What is the remainder when y is divided by k?
17
Suppose 2*y - 34 = y. Suppose -2*d = -6 + 8. Calculate the remainder when y is divided by (-2 - d) + (10 - 4) + 0.
4
Calculate the remainder when (3/(-6))/(855/856 + -7 + 6) is divided by 13.
12
Suppose -4*n - 2*l = -288, -l = 45*n - 48*n + 216. What is the remainder when 1294 is divided by n?
70
Let t(f) = f**3 - 8*f**2 + 15*f - 2. Let l(h) = -157*h**2 - 680*h - 3. What is the remainder when l(-4) is divided by t(6)?
13
Suppose 3*d + 9156 = 3*k, -5*d = 1964*k - 1959*k - 15340. Calculate the remainder when k is divided by 64.
52
Suppose 69 + 18 = 2*r + k, -4*k - 20 = 0. Let o = 45236 + -45160. What is the remainder when o is divided by r?
30
Let z(p) = -32*p - 5. Let g be z(0). What is the remainder when (6 - 30/g) + -2 is divided by 5?
0
Let p(z) = 2*z - 17. Let c be p(10). Suppose 3*w + a + c*a - 302 = 0, 2*a + 308 = 3*w. What is the remainder when w is divided by 31?
9
Calculate the remainder when (3 - (2 + 0)) + -14 + 9 + 1880 is divided by 172.
156
Suppose -1781 - 787 = 8*y. What is the remainder when 131 is divided by (14/(-8))/(-7) - y/12?
23
Let o = 48 + -22. Let k(q) = -4*q - 23. Suppose -12*f = 27 + 69. What is the remainder when o is divided by k(f)?
8
Let f be (-4994)/(-13) + 4/(-26). Suppose -55*i = -47*i - f. What is the remainder when 85 is divided by i?
37
Let c(t) = t + 22. Suppose -d + 5*f = 41, -5*d = f + 58 + 17. Let b be 46*(-2)/d + 3/12. What is the remainder when 52 is divided by c(b)?
24
What is the remainder when (15903/279)/(-3 - (4608/382)/(-4)) is divided by 330?
329
What is the remainder when (-6554625)/(-99) - -30 - 6/(-9) is divided by 69?
68
Suppose -2*u - 4*h + 439 = -u, 0 = -5*u + 2*h + 2239. Calculate the remainder when u is divided by 7.
6
Suppose 3132 = -48*y + 84*y. Calculate the remainder when 967 is divided by y.
10
Let s(w) = 3*w - 6*w + 84 - 4*w - 27. What is the remainder when s(6) is divided by 10?
5
Suppose 84*b - 79*b - 25577 = z, 27 = 9*z. What is the remainder when b is divided by 20?
16
Suppose 13*q = 8*q. Suppose q = 78*d - 75*d + 63. What is the remainder when (-1)/(3/(-2)) - 1351/d is divided by 33?
32
Suppose -6*d = -1640 + 440. Suppose 3*h = 5*n + d, -h - 76 = -2*h + 4*n. What is the remainder when h is divided by 4?
0
Suppose 662 = 3*f + 5*t, 68*f + 3*t + 416 = 70*f. Calculate the remainder when 659 is divided by f.
17
Let a(y) = 3*y**2 - 25*y + 8. Let p(k) = -53 - 2*k + 21 - 2. Let c be p(-22). What is the remainder when a(c) is divided by 12?
10
Suppose 3*n = -n - 5*j + 20, 5*j = 3*n - 15. Calculate the remainder when (-29*(-9 + -15)/48)/((-3)/(-12)) is divided by n.
3
Let u(r) = -120*r + 43. Let c(y) = 67*y + 1. Let l(h) = -2*c(h) - u(h). Let m be (-1)/(-3) - (-44)/(-6). Calculate the remainder when l(m) is divided by 9.
8
Let z = 2722 - 1567. Calculate the remainder when 1/8 + 8 + z/40 is divided by 20.
17
Suppose -6*q = -464 - 478. Calculate the remainder when q is divided by 74.
9
Suppose -1052*w + 1047*w - 2*p = -295, 0 = 5*p - 25. What is the remainder when 68 is divided by w?
11
Suppose -4*k + 2*k = -10. Let t be 2 + (-525)/k + -2. Calculate the remainder when 10 is divided by (-42)/(-10) - (-21)/t.
2
Suppose 159 = 3*t - 5*b - 0*b, -5*t - 8*b + 265 = 0. Suppose 3*m + 2*p - 2 = -10, 3*m - p = -5. Calculate the remainder when t is divided by 5*m/5*-7.
11
Suppose 20*p = 432 + 228. Suppose -24*x + p*x = 108. Calculate the remainder when 118 is divided by x.
10
What is the remainder when (-3906)/12*(-38)/133 is divided by 52?
41
Suppose 6*g = 2*g - 28. Let b = g + 9. What is the remainder when -16*(2/8 - (-21)/(-28)) is divided by b?
0
Suppose 493*l = 524*l - 218 - 2324. Calculate the remainder when 6805 is divided by l.
81
What is the remainder when (-27 + 19/(266/(-140)))/(2/(-146)) is divided by 118?
105
Let x be -10*(-8 - -5 - 9). Suppose 0 = -d + 5*a + 15, a = 4*d - 4*a - x. Suppose -9*u + d = -262. What is the remainder when 96 is divided by u?
30
Suppose 3*d + 519 = -3*y, y - d - 346 = 3*y. Let c = 112 + y. Let z = c - -78. Calculate the remainder when 66 is divided by z.
15
Let o = -129 + 132. Suppose b = -o*u + 1059, -6*b = -2*b - 5*u - 4270. What is the remainder when b is divided by 26?
25
Suppose -15*y + 3*y = -1104. Let v = y + -62. Suppose 2*g + m + 36 = 4*g, 5*g = -3*m + 90. What is the remainder when v is divided by g?
12
Suppose 0 = r + 4*a - 9*a - 1, -r + 4 = -4*a. Suppose 0 = 3*z - 5 - 4. What is the remainder when (252/27)/(1/z) is divided by r?
12
Suppose 13*l = 631 - 85. Suppose -w = -q + 6, 33 = q - 5*w + 11. Suppose q*k - 10 - l = 0. What is the remainder when 101 is divided by k?
23
What is the remainder when 804 is divided by (200/(-70))/(16/(-1176))?
174
Suppose x - 37 = 11*u - 8*u, -3*x - u = -61. What is the remainder when 86 is divided by x?
20
Let p(u) = 87*u**2 - 63*u + 56. Let x = -2 - -23. What is the remainder when p(1) is divided by x?
17
Suppose 191*r - 7233 = 13013. What is the remainder when r is divided by 55?
51
Let s(